derivative of b**2/2 - 2*b - 5597. Suppose k - 3 - 3 = 0. What is c(k)?
4
Let x(t) = 5*t**2 + 2*t - 3. Let s be x(1). Let w(b) = -b - b**2 - 3 + 2 + 2*b**2. Calculate w(s).
11
Let o(y) be the second derivative of -y**4/12 + y**3/3 + y**2/2 - 7*y. Let n be 66/30 + ((-4)/(-20))/(-1). Give o(n).
1
Let y(t) be the third derivative of t**5/60 - t**3/3 - 4*t**2 + 5. What is y(-5)?
23
Let s(l) = -l**2 - 3*l + 3. Suppose -2*z + 44 = -4*z - 2*c, 3*z - 5*c = -34. Let k(q) = -q**2 - 18*q - 5. Let j be k(z). Calculate s(j).
-7
Let r(w) be the third derivative of w**5/60 + w**4/2 + 5*w**3/2 - 206*w**2. Calculate r(-12).
15
Let h(l) = l + 4. Let k(f) = 29*f - 1. Let r be k(1). Let b be r/(-48)*-3*-4. What is h(b)?
-3
Let g(s) = -s**3 - 4*s**2 + 2. Let i be (-3)/6 + (-22)/(-4). Suppose i*w = w. Suppose b + 1 + 2 = w. Calculate g(b).
-7
Suppose -4*a - 3*j + 49 = 0, -2*a + 8 = -3*j - 3. Let z be 4/a + (-21)/15. Let w(c) = -c**2 - 2*c - 1. Give w(z).
0
Let q(p) be the third derivative of -p**6/120 + p**5/10 - p**4/12 + 11*p**3/6 - 260*p**2. What is q(6)?
-1
Let z(v) = 2*v - 8. Let a be 3/((-22)/(-8) - (-5 - -7)). Suppose 4*x - a*p - 32 = 0, 5*p + 12 = 2. Calculate z(x).
4
Suppose -3*l + 3 = 3*j, 3*l - 3 = -0*l. Suppose -3*m + 2*m - q - 2 = 0, j = -5*m + 5*q + 30. Let d(s) = -4*s + 32*s**m - 15*s**2 - 16*s**2. Determine d(6).
12
Let r(s) = -9*s - 10. Suppose 0 = -2*c + 6. Let k(v) = -4*v - 5. Let t(g) = c*r(g) - 7*k(g). What is t(5)?
10
Let a = -7 + 2. Let f(h) = -3*h - 2. Let q(u) = u + 1. Let v(c) = a*q(c) - 3*f(c). Suppose 0 = y - 5 + 8. Calculate v(y).
-11
Let i(z) be the first derivative of z**4/6 + 5*z**3/3 + 3*z**2 - 8*z - 5. Let x(b) be the first derivative of i(b). Give x(-6).
18
Let x(g) = g**2 + 10*g + 4. Let u(l) = 18*l + 44. Let t be u(-3). Determine x(t).
4
Let l(x) = 8*x - 9. Let m be (-32)/6 + 3*(-6)/(-54). Let a(t) = 9*t - 11. Let r(h) = m*a(h) + 6*l(h). Suppose 3*o + 12 = -o. What is r(o)?
-8
Let z(y) be the first derivative of y**3 + 3*y**2 + 1/12*y**5 + 0*y + 1/6*y**4 + 1/120*y**6 - 6. Let q(h) be the second derivative of z(h). Determine q(-4).
6
Let y(k) = -5*k**2 - 7*k - 3 + 2 + 1 - 3*k**3 - 2. Let m(c) = 4*c**3 + 6*c**2 + 8*c + 2. Let n(p) = -2*m(p) - 3*y(p). Give n(-3).
-13
Let d(k) = -k + 8. Let p(u) = 1. Let n(r) = d(r) - 6*p(r). Give n(-3).
5
Let o(f) be the third derivative of f**7/5040 - f**6/144 + 2*f**5/5 + 13*f**2. Let d(s) be the third derivative of o(s). Determine d(-4).
-9
Suppose 5 = -d + 12. Let h(a) = -a**3 + 6*a**2 + 8*a - 10. Let w be h(d). Let u(b) = -3*b - 9. Let z(m) = m + 1. Let o(n) = -u(n) - 5*z(n). Give o(w).
10
Suppose -12 = 4*l, -l - 5 - 4 = -3*t. Let y(z) = -2*z**t + 6*z**2 + 8 - 7. Determine y(1).
5
Let g = -592 + 588. Let w(r) = 2*r. Let n(f) = -f. Let m(v) = 7*n(v) + 4*w(v). Determine m(g).
-4
Let m(r) = 8*r**2 - 9*r + 7. Let o(n) = -8*n**2 + 10*n - 8. Let t(k) = -6*m(k) - 5*o(k). Calculate t(2).
-26
Let a(s) = -4*s - 10. Let n be a(-3). Let x(p) = -2*p - 5 - p**n - 4*p + 2*p - 2*p. Determine x(-4).
3
Suppose 2*v = 4*p - 22, -3*v - 19 = -2*p + 10. Let q(z) = z**2 - 10*z + 2 + 2*z - 2*z**2. Determine q(v).
-7
Let v(t) = 1 - 37*t + 41*t - 3 - 3 - 2. Determine v(4).
9
Let c(w) be the first derivative of w**3/3 + 5*w**2/2 - 5*w - 2. Suppose 40 = -5*x - 30. Let h(b) = -b**3 - 15*b**2 - 14*b - 6. Let t be h(x). Calculate c(t).
1
Let t(d) be the first derivative of d**4/4 - d**3/3 + d**2/2 - d + 1. Let b be 798/760 - 1/20. What is t(b)?
0
Let b(p) = p**3 - 7*p**2 + 4*p + 7. Let v be 22/3 - 2/6. Suppose -45 = -4*x - 3*i, 4*x = 3*x - 5*i + v. Suppose 3*h - x = 6. Give b(h).
-5
Let g(d) = 6 + 3*d**3 - 2 + 5*d - 2*d**3 + 6*d**2. Suppose 0 = 5*s + 10, -5*z + 5*s = -0*z + 15. Determine g(z).
4
Suppose l + 13 = 10*j - 15*j, -20 = -4*l - 2*j. Let b(g) = -g**3 + 8*g**2 - 3*g - 13. What is b(l)?
15
Let h(q) = -q**2 + 2*q + 3. Suppose -17*a + 16*a - 17 = -5*r, 4*a = -8. Calculate h(r).
0
Suppose -o + 11 - 30 = -4*c, o - 17 = -2*c. Let b be ((-4)/c)/((-8)/36). Let r(m) = m**3 - 3*m**2 - 1. What is r(b)?
-1
Let k(o) = o - 15. Let z be k(9). Let u(i) be the third derivative of -i**2 + 5/24*i**4 - 1/3*i**3 + 0*i + 1/60*i**5 + 0. Calculate u(z).
4
Let v(m) = 7*m + 2. Let z(q) = -6*q - 1. Let a(t) = 4*v(t) + 5*z(t). Suppose 0 = 4*c - 16. Determine a(c).
-5
Let c(d) = d + 3511 - 11*d - 3512. Calculate c(-1).
9
Let h(l) = -6*l**2 + 2*l + 1. Let z be -1*(-2)/(2*-1). Let r = -95 + 95. Let k = z - r. Give h(k).
-7
Suppose 35 = 143*f - 138*f. Let d(a) = -a**3 + 7*a**2 + 4*a - 9. Give d(f).
19
Let m(d) = -3*d + 43 + 2*d - 41 + 4*d. Calculate m(-3).
-7
Suppose 6*z = 2*x + 2*z - 4, 2*x = -4*z - 4. Let w(s) be the second derivative of x - 5/2*s**2 - 1/2*s**3 - 3*s. Give w(-5).
10
Let b(v) = 385 + 4*v - 385. What is b(5)?
20
Let j(n) = -n**3 + 5*n**2 + 5*n + 7. Let i be 3/(-1) + (-1 - -11)/2. Suppose -i*c = -0*c - 12. Calculate j(c).
1
Let k(y) = y**3 + y**2 - 2. Let s = -109 + 109. Determine k(s).
-2
Let t(q) = -2*q**2 + q - 1. Let r be t(1). Let m(u) be the first derivative of -3*u**2/2 - 3*u - 11. Let h be m(r). Let a(g) = g**3 - 2*g**2 - g - 4. Give a(h).
2
Let l(o) = -o**3 - 8*o**2 - 7*o - 10. Suppose -g + 3*b + 19 = -b, -2*b - 8 = 0. Suppose -2*r + 11 = -3*z, z - r + 23 = -g*z. What is l(z)?
-10
Let s(k) be the second derivative of k**4/6 + k**3/2 - 3*k**2/2 + 109*k. Determine s(2).
11
Let u(x) = -3*x**2 - 6*x - 1. Let q(g) = -g - 1. Let p(i) = -i**2 - 5*i - 6. Let s(w) = p(w) - 5*q(w). Let o(j) = 2*s(j) - u(j). Give o(-5).
-6
Let w(c) = -c**3 + 5*c**2 + 7. Let f(h) = 6*h**3 - 26*h**2 + h - 37. Let g(o) = 2*f(o) + 11*w(o). Determine g(-4).
-21
Let c be 1/((-3)/(-2 + -1))*-1. Let y(x) be the third derivative of x**6/24 + x**5/60 + x**4/24 - 10*x**2. Give y(c).
-5
Let x(z) = -z**2 - 3*z - 1 + 2*z + 166*z**3 - 169*z**3 - z. Give x(2).
-33
Let a(r) be the second derivative of r**4/2 - r**3/6 + r**2/2 + 42*r. Determine a(2).
23
Let b be ((-12)/(-18))/((-2)/(-27)). Suppose o + b = -3*t, 6*t = 4*t - 4*o + 4. Let p(h) = 2*h - 4. Give p(t).
-12
Suppose 0 = 2*d - 6*d - 3*b + 67, -2*b = -3*d + 29. Let o(l) = l**3 - 14*l**2 + 12*l + 16. Calculate o(d).
3
Let u(w) be the second derivative of -7*w**3/3 - 154*w. Calculate u(2).
-28
Let p(k) = -9*k**2 + 32*k + 29. Let o(a) = -7*a**2 + 26*a + 29. Let c(t) = 4*o(t) - 3*p(t). What is c(12)?
-19
Let u(p) = -47*p - 372. Let f be u(-8). Let o(m) = m**3 - 4*m**2 - m - 9. Determine o(f).
-13
Let v = 33 - 33. Suppose -4*u = -v*u. Let g(k) = -k**3 - k**2 - k - 5. What is g(u)?
-5
Suppose 0 = -5*a + 8*a - 9. Let x = a + -2. Let v(c) = -13*c**2 - 1. What is v(x)?
-14
Let t(f) = 5*f**2 - 8*f + 3. Let u(n) be the third derivative of -n**5/60 + n**3/6 + 28*n**2. Let b(g) = t(g) + 4*u(g). Determine b(7).
0
Suppose -13*g = -74 + 22. Suppose -5*c = 0, -4*w + 7 = 5*c - 93. Let t(o) = -w*o + g + 24*o + 1. Determine t(0).
5
Let j(p) = p**3 + p**2 - p - 1. Let o(t) = -4*t**3 + 3*t**2 + 10*t - 1. Let h(c) = 3*j(c) + o(c). Give h(7).
-4
Let y(i) = 5*i + 32. Let c(h) = -h - 3. Let v(l) = 3*c(l) - y(l). Calculate v(-6).
7
Let w(c) = -8*c - 19. Let q be w(-3). Let d(a) = 3*a**2 + 9*a - 4. Let u(z) = 2*z**2 + 8*z - 4. Let y(f) = -3*d(f) + 4*u(f). What is y(q)?
-4
Let q(h) be the first derivative of -h**3/3 - 4*h**2 + 5*h - 2. What is q(-6)?
17
Let p(j) = -j**3 + 165*j + 4 - 321*j + 158*j + 4*j**2. Let v(w) = -w**2 - 2*w + 2. Let k be v(-3). Let u(d) = -4*d. Let h be u(k). Give p(h).
12
Let r(d) = -d**3 + 6*d**2 + d - 5. Let k = -383 - -389. Determine r(k).
1
Let t(z) = z**2 - 6*z - 11. Suppose 12*g + 7 - 91 = 0. What is t(g)?
-4
Suppose 5 = 3*v - 4. Let r(i) = i**3 + i**2 - 2*i - 1. What is r(v)?
29
Let x be -3*(2/6)/((-20)/80). Let z(m) = 2*m - 5. Determine z(x).
3
Let j = 2374 - 2351. Let c(b) = b**3 - 21*b**2 - 44*b - 41. Calculate c(j).
5
Let k(w) = 3*w + 1. Let r(g) = -11*g - 2. Let m(b) = 7*k(b) + 2*r(b). Determine m(2).
1
Let c(w) = 3*w**3 - 5*w**2 - 10*w + 11. Let u(r) = 13*r**3 - 19*r**2 - 39*r + 44. Let g(n) = -9*c(n) + 2*u(n). What is g(8)?
21
Let c(a) = -1 - 22 + 16*a + 24. Let b be 3/((-2)/(2 + 0)). Let f be (-4 - -6)/(6/b). Determine c(f).
-15
Let v(h) = -h**3 - 6*h**2 + h - 4. Suppose -5*l - 30 = -t, 0*l + t = -l. Give v(l).
-34
Let w(h) be the third derivative of h**4/24 + 5*h**3/6 + 543*h**2. Give w(-6).
-1
Le